ctors of q/9*(3 + 0).
3, 5
Let c(t) = t**3 + 10*t**2 - 16*t - 6. What are the prime factors of c(-11)?
7
Let j = -1 + 9. Suppose -119 = 3*i - j*i - 3*c, 4*c = 2*i - 32. What are the prime factors of i?
2, 11
Let y(m) be the second derivative of -m**5/20 - m**3/6 + m**2/2 + m. Suppose 2 + 6 = -4*r. List the prime factors of y(r).
11
List the prime factors of ((-20)/(-1))/(3 - (4 + -3)).
2, 5
List the prime factors of 22*2/4 - -3.
2, 7
Let d(y) = 143*y**3 - 6*y**2 - 11*y + 8. Let s(c) = -95*c**3 + 4*c**2 + 7*c - 5. Let l(w) = 5*d(w) + 8*s(w). What are the prime factors of l(-1)?
2, 23
Let o be (-3)/9 - (-10)/3. Let z(r) = -2*r - 3. Let k be z(-4). Suppose -k*b = 4*d - o, 4*b = -2*d + 3*d - 6. List the prime factors of d.
2
Suppose -n + 253 - 66 = 0. What are the prime factors of n?
11, 17
Let o be (-324)/(-8)*2/3. Let s = o - -15. What are the prime factors of s?
2, 3, 7
Let w(b) = -b - 6. Let q be w(-8). Suppose q*g + 30 = -3*g. List the prime factors of (-2)/g - (-5)/3.
2
Let d = 79 - -15. What are the prime factors of d?
2, 47
Suppose -h + 2*n = -5*h + 216, 0 = 4*n - 16. Let c = h - 26. Suppose 0 = 5*m - 14 - c. What are the prime factors of m?
2
Let d be 10*(2/(-4) + 1). Suppose 3*g - 16 = d. What are the prime factors of g?
7
Suppose 0 = -u - 4*u. Suppose -x = 5*i - 64 - 57, -3*x + 3 = u. List the prime factors of i.
2, 3
Suppose -o - 3*o + 212 = 0. Suppose -3*s = -4*s + o. What are the prime factors of s?
53
Let w(o) = -o**3 + 3*o**2 - 2*o + 2. What are the prime factors of w(2)?
2
Let x(f) = -f**3 - f**2 - 6. Let v = 0 - 0. Let r be x(v). What are the prime factors of 2/r + (-100)/(-12)?
2
Suppose 4*w - 1271 = -3*i - 330, 2*i = -2*w + 472. List the prime factors of w.
233
Let d(q) = q - 1. Let r(t) = 2*t - 6. Suppose 2 = y + 3*u - 8, 2*y - 4*u + 10 = 0. Let o(j) = y*d(j) - r(j). What are the prime factors of o(-7)?
2, 3
Let z = 0 + -5. Let i = 7 + z. Suppose -2*d + 7*d - i*t = 47, -d - t + 15 = 0. List the prime factors of d.
11
Let s(q) = -38*q**3 - q**2 - q - 1. Let j be (4/(-10))/((-4)/(-10)). List the prime factors of s(j).
37
Suppose -45*y + 158 = -43*y. List the prime factors of y.
79
Let n be (10/(-15))/((-4)/(-18)). What are the prime factors of (12/(-4))/(n/18)?
2, 3
Suppose -24*u - 636 = -27*u. List the prime factors of u.
2, 53
Let j(c) = 10*c**2 + 12*c + 9. What are the prime factors of j(-7)?
5, 83
Let s = 28 + -20. Let l(x) = x - 3. What are the prime factors of l(s)?
5
Let c be ((-15)/10)/(3/(-4)). What are the prime factors of -22*c/(-4) + 3?
2, 7
Suppose -2*g + 1 = -5. Suppose -g*a + 16 - 1 = 0. List the prime factors of a.
5
Let f = 52 - 12. Let w = f + -22. What are the prime factors of w?
2, 3
Let y = -15 + 11. Let l = 13 + y. What are the prime factors of l?
3
List the prime factors of (105/(-15))/((-2)/6).
3, 7
Let j(t) = t**2 - 4*t - 3. Let r be j(5). What are the prime factors of 2 + 17 + 0 + r?
3, 7
Let w(m) = m**3 - 5*m**2 + 4*m - 5. Suppose 0 = 3*h - 5*h + 10. Let o be w(h). Let s = -9 + o. What are the prime factors of s?
2, 3
Suppose -y + 0*y + 13 = 3*n, -5*n + y + 27 = 0. Let p(b) = b**2 - 2*b - 1. List the prime factors of p(n).
2, 7
Let p(t) be the first derivative of -t**3/3 - 3*t**2/2 - 2*t - 1. Let m be p(-4). What are the prime factors of m/5*(-4 - 1)?
2, 3
Suppose -4*i - 40 = 96. Let x = 4 - i. Suppose -2*z + 4*p + x = -0*p, 4*p - 28 = -4*z. What are the prime factors of z?
11
Suppose 3 = 2*r - 77. Suppose -91 = -3*a - r. List the prime factors of a.
17
Suppose 2*m = 3*m - 9. What are the prime factors of m?
3
Let s = -53 - -109. What are the prime factors of s?
2, 7
Suppose 0*z + 2*z - 2 = 0. Suppose z + 3 = 2*w. Suppose a + w*b - 12 = 0, -5*b + 43 = 3*a + 11. List the prime factors of a.
2
Let d(z) = 41*z**2 - 3*z + 2. List the prime factors of d(1).
2, 5
Let a = -11 - 9. Let w be ((-18)/15)/(6/a). Suppose 9*h - w*h - 60 = 0. List the prime factors of h.
2, 3
Suppose -x = 5*b - 15, b + 5*x + 11 = 38. Suppose 6*r - 4*r + b*f = 24, 3*r - 66 = 3*f. List the prime factors of r.
17
What are the prime factors of (-2)/(-26)*-2 - 49700/(-260)?
191
Let f be ((-2)/1*1)/1. Let s(k) = -7*k**2 + 3*k - 1. Let x(r) = 22*r**2 - 10*r + 4. Let n(d) = -10*s(d) - 3*x(d). What are the prime factors of n(f)?
2, 7
Suppose -4*u + 5*q + 235 = -0*q, 0 = 5*q - 5. Let i be (-2)/7 - u/(-14). Suppose 5*w = -5*o + 30, i = -3*o + o. List the prime factors of w.
2
Suppose 2*n + 0*n - 19 = -3*o, 3*o - 2*n = 23. Let g be (-8)/28 - (-30)/o. Let c = 10 - g. What are the prime factors of c?
2, 3
Suppose 42 = 5*x - 248. What are the prime factors of x?
2, 29
Suppose -37 - 203 = -3*f. List the prime factors of f.
2, 5
Let l(s) = s**2 + 6*s + 6. Let k be l(-4). Let d(a) = -4*a - 3. List the prime factors of d(k).
5
Suppose -60 = g - 6*g. Suppose 0*d + d + h - 7 = 0, -g = 3*h. List the prime factors of d.
11
Let v be ((-1)/(-2))/(1/4). Let p(j) = -7 - 3*j + j - v*j + j**2. What are the prime factors of p(6)?
5
Suppose 4*z + 33 = -27. Let u = 56 - 34. Let i = z + u. What are the prime factors of i?
7
Let b be (0 + 3 - -27) + 2. Let c = b - 20. Let m = -2 + c. What are the prime factors of m?
2, 5
Suppose 26 = c + c. Suppose 0 = 2*x - 3 - 5. Let b = c - x. List the prime factors of b.
3
Let g be (1 + 3)*1/(-2). Let j be 14 + g - (3 + -5). Suppose -4*s = -3*s - j. List the prime factors of s.
2, 7
Suppose 0 = -2*h - 12. List the prime factors of ((-20)/h)/((-1)/(-9)).
2, 3, 5
Suppose -25*d + 1866 = -19*d. What are the prime factors of d?
311
Suppose 0*g - 2*a = -4*g - 4, 0 = -3*a - 6. Let s be (21/(-6) - -1)*g. Suppose 4 = s*h - 21, -3*m + 50 = 4*h. What are the prime factors of m?
2, 5
Let q = 105 + -77. What are the prime factors of q?
2, 7
Suppose -w - 2*u = -6*w + 13, 0 = -3*w - 2*u + 11. Let s = -1 + w. Suppose -s*c = c - 33. What are the prime factors of c?
11
Suppose 4*j = 2*m - 272, 416 = 3*m + 4*j + 38. List the prime factors of m.
2, 5, 13
Suppose -4*q = -3*q - 1, -3*q + 5 = r. Suppose -11 = -p + 5*h, 0 = -h - 0 - r. List the prime factors of 0 + p - (-13 + 2).
2, 3
Let t = 41 - -35. Suppose 3*p = -9, 2*v + p + 25 - t = 0. Let g = v + -16. List the prime factors of g.
11
Suppose 0 = -6*t - 6 + 324. List the prime factors of t.
53
Suppose -f = 5*r - 18, 5*f - f - 144 = 4*r. List the prime factors of f.
3, 11
Let r(w) be the second derivative of w**6/360 - w**5/60 - w**4/24 - w**3/3 + 2*w. Let d(j) be the second derivative of r(j). List the prime factors of d(3).
2
Let c(a) = -a**2 - 12*a - 10. List the prime factors of c(-9).
17
Suppose c = -2*c + 18. Suppose -8 = 2*g, -15 = -c*q + q - 5*g. Let x = q - 4. List the prime factors of x.
3
Let r(y) = 1 + 18*y**2 + 3*y - 3*y - y. List the prime factors of r(1).
2, 3
Suppose -p + 2 = -3. Suppose p*a - m = 28, m - 19 = -5*a - m. What are the prime factors of a?
5
Let o(m) = -m + 2*m**3 - m**2 - 3*m**3 + 2*m. Let y be o(1). Let t = 4 + y. What are the prime factors of t?
3
Let t be 8/(-36) + 22/18. What are the prime factors of (-7 - -4) + 17/t?
2, 7
Suppose 1166 = 6*a - 574. List the prime factors of a.
2, 5, 29
Let z = -52 - -30. Let r = z - -40. List the prime factors of r.
2, 3
Let f(n) = -7*n + 8. What are the prime factors of f(0)?
2
Suppose 0 = 5*r + 2*u - 3*u + 7, -2*u + 9 = -5*r. List the prime factors of (2*r)/((-4)/16).
2
Let v(f) = -4*f**2 - 5*f**3 + 3*f**3 - 3 - 2*f + 3*f**3 - 2. List the prime factors of v(5).
2, 5
Let c(v) = v**3 - 2*v**2 - 3*v - 5. Let b(w) = -w**3 - 13*w**2 + 5. Let l be b(-13). What are the prime factors of c(l)?
5, 11
Let c = 51 + 29. Suppose 1 = 3*b - c. Let s = b - 9. List the prime factors of s.
2, 3
Let f(l) = -l**2 + 6*l + 3. Let m be f(6). Suppose 2*c + 7 = z - 3, m*c + 8 = z. What are the prime factors of z?
2, 7
Let x be (-28)/98 + (-331)/(-7). Let y(d) = 4*d - 3. Let u be y(2). Suppose 0 = u*o - x - 13. What are the prime factors of o?
2, 3
Suppose -4*t - 5*s + 31 = 0, 7*t - 2*t - 17 = s. What are the prime factors of (14/6)/(t/36)?
3, 7
Let m(z) = 1 + 13*z**3 - 2*z + 0*z**2 + 0*z**2 + 0*z**3. Let h be m(1). Suppose 0 = -x - x + h. What are the prime factors of x?
2, 3
Let m(g) = -g - 8. Let r be m(-8). Let c be (3 - 2)*r/1. Suppose 0*q + 5*q - 50 = c. List the prime factors of q.
2, 5
List the prime factors of (-116)/3*3/(-2).
2, 29
Suppose 0 